(o) = 2*r(o) + 7*s(o). Let q(p) = 9*p**2 + 34*p + 71. Let j be q(13). Let b = 2034 - j. Give u(b).
4
Suppose -13*o + 20*o + 56 = 0. Let r(v) be the third derivative of v**5/60 + 3*v**4/8 + 13*v**3/6 - 4*v**2 + 28*v. Calculate r(o).
5
Suppose 640*w - 3 = 638*w + v, -5*v - 33 = -4*w. Let c(z) = 3*z**2 + 11*z + 15. Determine c(w).
9
Let w(f) = -f + 31. Let r be w(39). Let l(a) = -3*a**2 + 11*a - 16. Let q(y) = -2*y**2 + 10*y - 11. Let i(k) = 3*l(k) - 4*q(k). Give i(r).
-12
Let c(s) = -s**2 + 5*s + 4. Let l(k) = -k**3 - k**2 + 2*k - 6. Let g be l(-3). Suppose -7*z = g*z - 78. Give c(z).
-2
Let u(h) be the third derivative of 15*h**2 + 0*h - 7/6*h**3 + 0 + 1/24*h**4. Determine u(10).
3
Let h(g) be the second derivative of -7/3*g**3 - 1/4*g**4 - 8*g + 0*g**2 - 1/120*g**5 + 0. Let q(c) be the second derivative of h(c). Calculate q(-9).
3
Let s(d) = d**2 - 3*d + 8. Let k be s(3). Suppose 3*y - 10 = t, -5*y + 2 + k = -3*t. Let o(f) = f**3 - 6*f**2 - 2*f + 4. What is o(y)?
-31
Let w(n) = n**3 + 35*n**2 + 9*n + 317. Let i be (22 - 950/75)*30/(-8). Give w(i).
2
Let d(l) = 18*l**3 - 2*l**2 - l + 2. Let u = 4666 + -4665. Determine d(u).
17
Let v(b) = -18*b**2 - 553*b + 33. Let o(r) = 28*r**2 + 830*r - 50. Let g(x) = 5*o(x) + 7*v(x). Let z be g(-20). Let i(h) = -4*h + 2. Determine i(z).
-2
Suppose -5*o - t + 34 = -24, o - t - 14 = 0. Let f(i) = -2 - 23*i - 13*i + 38*i + o. What is f(-8)?
-6
Suppose -3*t + 3*s = -2*s - 28, 4*t = 3*s + 41. Let a = -8 + t. Suppose -7*j - 7 = k - 3*j, -a*j = -3*k - 6. Let z(i) = i**3 + i**2 - 3*i - 1. Calculate z(k).
-10
Suppose 15 = -55*p + 50*p, -3*k + 225 = 3*p. Let m be 3 - (-1)/(-1) - -80. Let f = k - m. Let u(w) = -w + 1. Calculate u(f).
5
Suppose -5*q + 69 = 4*o, -155*q + 3 = -152*q. Let y(r) = 4*r - 35. What is y(o)?
29
Let g(j) = -11*j**2 - 13*j + 21. Let t(a) = 28*a**2 + 27*a - 43. Let y(r) = 5*g(r) + 2*t(r). Determine y(9).
1
Let v(c) = c**3 + 5*c**2 + 4*c - 4. Let l(u) = u**2 + 15*u + 50. Suppose 11*t + 47 + 19 = 0. Let m be l(t). Determine v(m).
-4
Let k(q) = q**3 + 3*q**2 + q + 3. Suppose 2*x - 13910 = -24*x. Let l = x - 538. Give k(l).
0
Let d(s) = -12 - 4809*s + 9614*s - 4810*s. Give d(-8).
28
Let k(z) be the second derivative of z**5/10 - z**3/6 + 3*z**2/2 - 3852*z. What is k(-2)?
-11
Suppose 2*d + 0*h - 25 = -5*h, 4*h = -4*d + 32. Suppose -3*x = -0*x - 24. Let u(t) = -x - 7*t**2 + t**3 + 17 - 13 + d*t. What is u(6)?
-10
Let n = -26 - -28. Suppose 0 = n*c - 4*c + 20. Suppose 5*h - 18 = -4*o, -5*h = -o + 2 - c. Let g(s) = 3*s + 1. Give g(h).
7
Let p(o) = -o**3 + o - 9. Let t be (-22)/1*(5 - (-104)/(-16)). Suppose t*n = 35*n. Determine p(n).
-9
Suppose 5*o - l + 17 = -20, 0 = o + l + 5. Let q(y) = 20*y + 1 - 4*y - 9*y - 8*y. Let c(v) = 8*v - 4. Let f(d) = c(d) + 6*q(d). What is f(o)?
-12
Suppose -5*b + 11 = 361. Let a = -50 - b. Let q(o) = -7 - 19*o**3 + 3*o + a*o**3 - 10*o**2 - 2*o. Determine q(10).
3
Let a be (0 - (1 + 1)) + -18. Let y = a + 28. Let o(i) = -y - 7 - i + 2*i. Determine o(0).
-15
Let o(f) = 6*f**2 + 39319 - 39320 - 2*f + 0*f**3 + f**3. Suppose -5*u + 27 = -2*q, -q - 18 = 4*q + 4*u. What is o(q)?
11
Let x be 4 - (104/(-39))/((-10)/60). Let h(t) = t**3 + 10*t**2 - 18*t - 27. Determine h(x).
-99
Let v(o) = -o**2 - 35*o + 22. Let b(j) = 18*j**2 + 558*j - 348. Let r(c) = -2*b(c) - 33*v(c). What is r(13)?
-30
Let g(j) = j - 13. Let i(v) = v - 19. Let x(m) = -7*g(m) + 5*i(m). Let r be (361/(-38) + 9)*-6. What is x(r)?
-10
Let m(w) = -w**2 - 11*w. Let g = -131 - -131. Let k be (g + -20)*(-4)/(-8). Give m(k).
10
Let z be (5 + -1)/(-4 - -3). Let h be ((-30)/90)/(1/(-27)). Let u(o) = 0 - 11*o + 18*o - 2 - h*o. Calculate u(z).
6
Let x(r) = 3*r**2 - 14*r + 143. Let s(w) = -7*w**2 + 34*w - 361. Let j(a) = 5*s(a) + 12*x(a). Determine j(9).
10
Let h be 207/92*(-176)/12. Let f(c) = c**3 + 32*c**2 - 33*c + 2. Give f(h).
2
Let y(a) = -8*a**3 + 4*a**2 - 4*a + 3. Let b be (4 - 6 - (-8 + 0)) + (-1 - 3). Determine y(b).
-53
Let o = -36762 + 36756. Let h(z) = z**2 + 4*z - 5. Give h(o).
7
Let n(k) = 2*k + 19. Let m(i) = 4*i + 32. Let h(t) = 2*m(t) - 5*n(t). Calculate h(-16).
1
Suppose 7*p + 2195 = 21067. Let u(n) = -16*n**3 + n**2 - p*n + 2696*n. Let l(f) = f**2 - 2*f - 4. Let h be l(3). Calculate u(h).
17
Let z(t) = -t**3 - 8*t**2 + 5*t + 18. Let v(l) = -l**3 - 7*l**2 + 6*l + 17. Let o(q) = 4*v(q) - 3*z(q). Let u be o(-5). Let a(r) = 3*r + 9. Determine a(u).
-9
Let r(z) = -62*z + 2841. Let b be r(46). Let p(y) = -y - 28. Determine p(b).
-17
Let s(o) = 35*o - 111 + 100 - 79*o + 43*o. Let a be (-4)/(-14) - (-65)/(-7). Give s(a).
-2
Suppose 545*y - 2988 = 539*y. Let z = -494 + y. Let s(f) = -7*f - 4. Give s(z).
-32
Suppose -5*f + j + 13 = -2*f, f - j = 7. Let p(s) = 44*s - s**3 + 34*s + s**2 + f - 78*s. Determine p(-3).
39
Let k(x) = 400*x - 118. Let z(j) = 57*j - 16. Let g(m) = 2*k(m) - 15*z(m). Calculate g(-2).
114
Let i(k) = -13*k**2 + 44*k + 163. Let d(v) = 9*v**2 - 29*v - 108. Let a(u) = 7*d(u) + 5*i(u). Let f(x) be the first derivative of a(x). What is f(6)?
-7
Let z be ((4 - (-2 + 4)) + -11)*(-7 + 8). Let x(r) = -r**2 - 18*r - 83. What is x(z)?
-2
Let m(q) be the third derivative of 11*q**4/24 + 149*q**3/6 - q**2 + 587. Give m(-13).
6
Let q(v) = -94*v**3 - 2*v**2 - 36*v - 55. Let c(u) = -113*u**3 - 3*u**2 - 39*u - 57. Let t(n) = -5*c(n) + 6*q(n). Calculate t(-5).
10
Suppose -2*i + 5*i = 18*i + 5*i. Let b(j) = 3*j + 15. What is b(i)?
15
Let h(b) be the first derivative of -b**3/3 - 27*b**2/2 + 68*b - 5622. What is h(-29)?
10
Suppose -5*u = 3 + 2. Let i(m) = 7*m**2 + 2*m. Let o(x) = 2*x**2 - x - 1. Let l(y) = u*i(y) + 3*o(y). What is l(-4)?
1
Let b = -18149/3 - -6051. Let n(f) be the first derivative of -7/2*f**2 - 21 + 1/4*f**4 + b*f**3 - 5*f. What is n(-5)?
5
Let a be (-4)/(119/(-105)*-5 + -7). Let d(o) = -2*o + 15. Give d(a).
9
Let d(c) = -2049*c + 14316. Let k be d(7). Let b(y) = y**2 + 31*y + 64. Calculate b(k).
-44
Let u = 5 - 3. Let b(q) = 51*q**3 + 18*q**2 - q + 10. Let k(d) = 64*d**3 + 21*d**2 + 12. Let m(y) = 5*b(y) - 4*k(y). Calculate m(u).
8
Let a(o) = o**3 + 3*o**2 - 3*o + 19. Suppose -11*u - 24 = -8*u + 4*s, -4*u + 2*s - 10 = 0. Give a(u).
15
Let p(q) = -2*q**2 + 18*q + 5. Let x(o) = 2*o**3 - 5*o**2 + 31*o - 49. Let z be x(2). Give p(z).
5
Let a(z) = -2*z**2 + 6*z + 7. Let w be a(3). Let i(t) = t**2 - 6*t - 5. What is i(w)?
2
Let c(k) = -52*k - 267. Let h be c(-5). Let n(x) = 9*x + 61. What is n(h)?
-2
Let q = 956 + -954. Let x(d) = 5 - 32*d + 0*d**2 + q + 37*d + d**2. What is x(-5)?
7
Let l(z) = -5*z**2 + 10 + 14*z - 7 - 6*z - 11 + z**3. Let t(o) = -o**3 + 21*o**2 - 16*o - 76. Let a be t(20). What is l(a)?
8
Let v(m) = -5*m - 646. Let y(s) = -s - 144. Let p(o) = 2*v(o) - 9*y(o). Let c be 0*2/(-6) + -8. Determine p(c).
12
Let s(c) = 4*c - 4. Let m = -214 - -218. Let x(z) = -3*z + 3. Let a(k) = m*s(k) + 5*x(k). Give a(10).
9
Let p be -4 - (-9 - 6)/3. Let x(q) = -5 - 6*q - p + 4 + 0. What is x(1)?
-8
Let i(z) = z**2 + 17*z - 3. Let n(f) = 4*f**2 + 64*f - 111. Let k(v) = -5*i(v) + n(v). Calculate k(-14).
2
Let k(j) = -3*j**3 - j**2 - 2*j + 1. Let b be ((-16)/10)/(3/45*6). Let c be (-3)/6 - (-5)/b*-2. Calculate k(c).
-31
Let j(p) be the second derivative of -p**4/12 + p. Let b(w) = 80*w - 560. Let l be b(7). Give j(l).
0
Let d(f) be the third derivative of f**5/30 - f**4/2 + 5*f**3/2 + f**2. Let o be 12 + 9*270/(-350) + 2/(-35). Calculate d(o).
5
Let n be 568/28 + 1/((-7)/2). Suppose -20 = l - n. Suppose l = 15*x - 8*x - 42. Let h(k) = k - 9. What is h(x)?
-3
Let u(n) = -n**2 + 36*n - 37. Let k(t) = -25*t + 1010. Let d be k(39). Calculate u(d).
-2
Let u(t) = -26 - 149*t - 7 - 153*t - 144*t + 435*t. Give u(-3).
0
Let h = -3437 - -3443. Let r(j) be the third derivative of 16*j**2 + 1/6*j**4 - 1/120*j**h + 0 + 1/20*j**5 + 0*j + 1/3*j**3. Calculate r(4).
2
Let i(t) = -2*t**3 - 4*t**2 + t. Suppose -s = p - 6*p - 69, 3*s - 3*p = 243. Suppose q = -27*q - s. Determine i(q).
15
Let o be -1 - ((2 - 1) + -8). Let p(l) = -l**3 + 8*l**2 + 9*l + 2. Let t be p(9). Let b(u) = 6*u - 76 + 78 + t*u**2 + 3*u**2 - u**3 + 0*u**2. Determine b(o).
2
Let f(r) = -7*r**3 + 10*r**2 - 4*r - 11. Let t(p) = -3*p**3 + 5*p**2 - 2*p - 5. Suppose -8 = 7*v + 6. Let w(n) = v*f(n) + 5*t(n). Give w(3).
9
Let b(n) = -38*n**2 - 10*n + 9. Let l(u